{"id":55,"date":"2020-03-24T15:24:41","date_gmt":"2020-03-24T14:24:41","guid":{"rendered":"https:\/\/naratmirak.cz\/?page_id=55"},"modified":"2026-01-08T11:46:09","modified_gmt":"2026-01-08T10:46:09","slug":"cenik","status":"publish","type":"page","link":"https:\/\/naratmirak.cz\/?page_id=55","title":{"rendered":"cenik"},"content":{"rendered":"<p><svg aria-hidden=\"true\" viewBox=\"0 0 576 512\" xmlns=\"http:\/\/www.w3.org\/2000\/svg\"><path d=\"M280.37 148.26L96 300.11V464a16 16 0 0 0 16 16l112.06-.29a16 16 0 0 0 15.92-16V368a16 16 0 0 1 16-16h64a16 16 0 0 1 16 16v95.64a16 16 0 0 0 16 16.05L464 480a16 16 0 0 0 16-16V300L295.67 148.26a12.19 12.19 0 0 0-15.3 0zM571.6 251.47L488 182.56V44.05a12 12 0 0 0-12-12h-56a12 12 0 0 0-12 12v72.61L318.47 43a48 48 0 0 0-61 0L4.34 251.47a12 12 0 0 0-1.6 16.9l25.5 31A12 12 0 0 0 45.15 301l235.22-193.74a12.19 12.19 0 0 1 15.3 0L530.9 301a12 12 0 0 0 16.9-1.6l25.5-31a12 12 0 0 0-1.7-16.93z\"><\/path><\/svg>\t\t\t\t<\/p>\n<h3>\n\t\t\t\t\t\t\tNaRatmirak.cz<br \/>\n\t\t\t\t\t<\/h3>\n<h2>Cen\u00edk<\/h2>\n<h3>CHATA MAL\u00c1<\/h3>\n<ul>\n<li><a href=\"#\"><br \/>\n\t\t\t\t\t<img decoding=\"async\" src=\"https:\/\/naratmirak.cz\/wp-content\/uploads\/elementor\/thumbs\/2-onnw2quu95mjwyvj2di4th6oek5lvs351ftkba2n1c.jpg\" alt=\"Pobyt za t\u00fdden\" loading=\"lazy\" \/><br \/>\n\t\t\t\t\t\t\tPobyt za t\u00fdden<br \/>\n\t\t\t\t\t\t\t\t\t\t\t\t\t\t\t\t\t\t\t8900,- K\u010d<\/p>\n<p>\n\t\t\t\t\t\t\tV cen\u011b za pobyt je povle\u010den\u00ed, p\u0159ikr\u00fdvka, pol\u0161t\u00e1\u0159 pro max. 4 osoby. Do ceny nen\u00ed zapo\u010d\u00edt\u00e1n poplatek vyb\u00edran\u00fd na z\u00e1klad\u011b vyhl\u00e1\u0161ky obce Bla\u017eejov. K dispozici je celkem 7 chat.\t\t\t\t\t\t<\/p>\n<p>\t\t\t\t<\/a><\/li>\n<li><a href=\"#\"><br \/>\n\t\t\t\t\t\t\tV\u00edkendov\u00fd pobyt \u010dt-ne<br \/>\n\t\t\t\t\t\t\t\t\t\t\t\t\t\t\t\t\t\t\t4.990<\/p>\n<p>\n\t\t\t\t\t\t\tV cen\u011b za pobyt je povle\u010den\u00ed, p\u0159ikr\u00fdvka, pol\u0161t\u00e1\u0159 a\u017e pro 4 osoby. Do ceny nen\u00ed zapo\u010d\u00edt\u00e1n poplatek vyb\u00edran\u00fd na z\u00e1klad\u011b vyhl\u00e1\u0161ky obce Bla\u017eejov.\t\t\t\t\t\t<\/p>\n<p>\t\t\t\t<\/a><\/li>\n<\/ul>\n<h3>POKOJ V HLAVN\u00cd BUDOV\u011a<\/h3>\n<ul>\n<li><a href=\"#\"><br \/>\n\t\t\t\t\t<img decoding=\"async\" src=\"https:\/\/naratmirak.cz\/wp-content\/uploads\/elementor\/thumbs\/Pokoj-po-rek-I-r03fqayneq1e1a77q17kvkfzk0moxgps6e90poirds.jpg\" alt=\"Pobyt za t\u00fdden\" loading=\"lazy\" \/><br \/>\n\t\t\t\t\t\t\tPobyt za t\u00fdden<br \/>\n\t\t\t\t\t\t\t\t\t\t\t\t\t\t\t\t\t\t\t7600,- K\u010d<\/p>\n<p>\n\t\t\t\t\t\t\tV cen\u011b za pobyt je povle\u010den\u00ed, p\u0159ikr\u00fdvka, pol\u0161t\u00e1\u0159 pro 2 osoby. Do ceny nen\u00ed zapo\u010d\u00edt\u00e1n poplatek vyb\u00edran\u00fd na z\u00e1klad\u011b vyhl\u00e1\u0161ky obce Bla\u017eejov. K dispozici jsou celkem 3 pokoje.\t\t\t\t\t\t<\/p>\n<p>\t\t\t\t<\/a><\/li>\n<li><a href=\"#\"><br \/>\n\t\t\t\t\t\t\tV\u00edkendov\u00fd pobyt \u010dt-ne<br \/>\n\t\t\t\t\t\t\t\t\t\t\t\t\t\t\t\t\t\t\t3990,- K\u010d<\/p>\n<p>\n\t\t\t\t\t\t\tV cen\u011b za pobyt je povle\u010den\u00ed, p\u0159ikr\u00fdvka, pol\u0161t\u00e1\u0159. Do ceny nen\u00ed zapo\u010d\u00edt\u00e1n poplatek vyb\u00edran\u00fd na z\u00e1klad\u011b vyhl\u00e1\u0161ky obce Bla\u017eejov. Cena je platn\u00e1 pro ubytov\u00e1n\u00ed na pokoji v hlavn\u00ed budov\u011b.\t\t\t\t\t\t<\/p>\n<p>\t\t\t\t<\/a><\/li>\n<li><a href=\"#\"><br \/>\n\t\t\t\t\t\t\tApartm\u00e1n Pobyt za t\u00fdden<br \/>\n\t\t\t\t\t\t\t\t\t\t\t\t\t\t\t\t\t\t\t9600,- K\u010d<\/p>\n<p>\n\t\t\t\t\t\t\tV cen\u011b za pobyt je povle\u010den\u00ed, p\u0159ikr\u00fdvka, pol\u0161t\u00e1\u0159 pro 4 osoby. Pokoj apartm\u00e1nov\u00e9ho typu s koupelnou a wc. Do ceny nen\u00ed zapo\u010d\u00edt\u00e1n poplatek vyb\u00edran\u00fd na z\u00e1klad\u011b vyhl\u00e1\u0161ky obce Bla\u017eejov.\t\t\t\t\t\t<\/p>\n<p>\t\t\t\t<\/a><\/li>\n<li><a href=\"#\"><br \/>\n\t\t\t\t\t\t\tApartm\u00e1n V\u00edkendov\u00fd pobyt \u010dt-ne<br \/>\n\t\t\t\t\t\t\t\t\t\t\t\t\t\t\t\t\t\t\t4990,- K\u010d<\/p>\n<p>\n\t\t\t\t\t\t\tV cen\u011b za pobyt je povle\u010den\u00ed, p\u0159ikr\u00fdvka, pol\u0161t\u00e1\u0159. Do ceny nen\u00ed zapo\u010d\u00edt\u00e1n poplatek vyb\u00edran\u00fd na z\u00e1klad\u011b vyhl\u00e1\u0161ky obce Bla\u017eejov. Cena je platn\u00e1 pro ubytov\u00e1n\u00ed v pokoji apartm\u00e1nov\u00e9ho typu.\t\t\t\t\t\t<\/p>\n<p>\t\t\t\t<\/a><\/li>\n<\/ul>\n<h4>STRAVOV\u00c1N\u00cd<\/h4>\n<ul>\n<li><a href=\"#\">\n<p>\n\t\t\t\t\t\t\tV\u0161echny chaty a pokoje jsou vybaveny tak, \u017ee si m\u016f\u017eete uva\u0159it. Sou\u010d\u00e1st\u00ed vybaven\u00ed je ledni\u010dka, elektrick\u00e1 dvouplot\u00fdnkov\u00e1 deska, mikrovln\u00e1 trouba, rychlovarn\u00e1 konvice, tal\u00ed\u0159e, p\u0159\u00edbory, hrnce atd. V hlavn\u00ed budov\u011b je v provozu velk\u00e1 kuchy\u0148, kter\u00e1  umo\u017e\u0148uje i v\u011bt\u0161\u00ed va\u0159en\u00ed pro v\u00edce osob. Sou\u010d\u00e1st\u00ed kuchyn\u011b je i velk\u00e1 lednice, my\u010dka, varn\u00e1 deska mikrovln\u00e1 trouba, elektrick\u00e1 trouba atd&#8230;&#8230;.<br \/>\nV p\u0159\u00edpad\u011b, \u017ee se nechcete zdr\u017eovat va\u0159en\u00edm, m\u016f\u017eete si objednat polopenze, nebo ob\u011bdy, ve\u010de\u0159e, sn\u00eddan\u011b atd. v sousedn\u00edm za\u0159\u00edzen\u00ed, kter\u00e9 je v doch\u00e1zkov\u00e9 vzd\u00e1lenosti cca 200-300m. Link https:\/\/www.chatyratmirov.cz\/cenik\/ \t\t\t\t\t\t<\/p>\n<p>\t\t\t\t<\/a><\/li>\n<\/ul>\n<h3>v\u011bci k zap\u016fj\u010den\u00ed<\/h3>\n<ul>\n<li><a href=\"#\"><br \/>\n\t\t\t\t\t<img decoding=\"async\" src=\"https:\/\/naratmirak.cz\/wp-content\/uploads\/elementor\/thumbs\/DJI_0060-r03fw3mtjxz1mps3vjer93sbfk26e9q6z32t93xd0g.jpg\" alt=\"tenisov\u00fd kurt\" loading=\"lazy\" \/><br \/>\n\t\t\t\t\t\t\ttenisov\u00fd kurt<br \/>\n\t\t\t\t\t\t\t\t\t\t\t\t\t\t\t\t\t\t\t120,- K\u010d \/ hodina<\/p>\n<p>\n\t\t\t\t\t\t\tantukov\u00e9 tenisov\u00e9 h\u0159i\u0161t\u011b\t\t\t\t\t\t<\/p>\n<p>\t\t\t\t<\/a><\/li>\n<li><a href=\"#\"><br \/>\n\t\t\t\t\t\t\tbeach volejbalov\u00e9 h\u0159i\u0161t\u011b<br \/>\n\t\t\t\t\t\t\t\t\t\t\t\t\t\t\t\t\t\t\t120,- K\u010d \/ hodina<\/p>\n<p>\n\t\t\t\t\t\t\th\u0159i\u0161t\u011b vysypan\u00e9 p\u00edskem\t\t\t\t\t\t<\/p>\n<p>\t\t\t\t<\/a><\/li>\n<\/ul>\n<h3>poplatky<\/h3>\n<ul>\n<li><a href=\"#\"><br \/>\n\t\t\t\t\t\t\tPoplatek za pobyt<br \/>\n\t\t\t\t\t\t\t\t\t\t\t\t\t\t\t\t\t\t\t20,- K\u010d\/osoba\/den<\/p>\n<p>\n\t\t\t\t\t\t\tOsvobozen\u00ed od poplatku: mlad\u0161\u00ed 18 let; osoba, kter\u00e1 je dr\u017eitelem ZTP\/P a jej\u00ed pr\u016fvodce; osoba nevidom\u00e1, kter\u00e1 je pova\u017eov\u00e1na za z\u00e1vislou na pomoci jin\u00e9 fyzick\u00e9 osoby podle z\u00e1kona upravuj\u00edc\u00edho soci\u00e1ln\u00ed slu\u017eby.\t\t\t\t\t\t<\/p>\n<p>\t\t\t\t<\/a><\/li>\n<\/ul>\n<h3>WiFi <\/h3>\n<ul>\n<li><a href=\"#\"><br \/>\n\t\t\t\t\t\t\tZDARMA\t\t\t\t\t\t<\/p>\n<p>\n\t\t\t\t\t\t\tUbytov\u00e1n\u00ed je z v\u011bt\u0161\u00ed \u010d\u00e1sti pokryto sign\u00e1lem \t\t\t\t\t\t<\/p>\n<p>\t\t\t\t<\/a><\/li>\n<\/ul>\n<h2>Kontakt<\/h2>\n<p>\t\t\t\t<svg aria-hidden=\"true\" viewBox=\"0 0 512 512\" xmlns=\"http:\/\/www.w3.org\/2000\/svg\"><path d=\"M497.39 361.8l-112-48a24 24 0 0 0-28 6.9l-49.6 60.6A370.66 370.66 0 0 1 130.6 204.11l60.6-49.6a23.94 23.94 0 0 0 6.9-28l-48-112A24.16 24.16 0 0 0 122.6.61l-104 24A24 24 0 0 0 0 48c0 256.5 207.9 464 464 464a24 24 0 0 0 23.4-18.6l24-104a24.29 24.29 0 0 0-14.01-27.6z\"><\/path><\/svg>\t\t\t\t<\/p>\n<h3>\n\t\t\t\t\t\t\t+420 777 700 310<br \/>\n\t\t\t\t\t<\/h3>\n<p>\t\t\t\t<svg aria-hidden=\"true\" viewBox=\"0 0 512 512\" xmlns=\"http:\/\/www.w3.org\/2000\/svg\"><path d=\"M502.3 190.8c3.9-3.1 9.7-.2 9.7 4.7V400c0 26.5-21.5 48-48 48H48c-26.5 0-48-21.5-48-48V195.6c0-5 5.7-7.8 9.7-4.7 22.4 17.4 52.1 39.5 154.1 113.6 21.1 15.4 56.7 47.8 92.2 47.6 35.7.3 72-32.8 92.3-47.6 102-74.1 131.6-96.3 154-113.7zM256 320c23.2.4 56.6-29.2 73.4-41.4 132.7-96.3 142.8-104.7 173.4-128.7 5.8-4.5 9.2-11.5 9.2-18.9v-19c0-26.5-21.5-48-48-48H48C21.5 64 0 85.5 0 112v19c0 7.4 3.4 14.3 9.2 18.9 30.6 23.9 40.7 32.4 173.4 128.7 16.8 12.2 50.2 41.8 73.4 41.4z\"><\/path><\/svg>\t\t\t\t<\/p>\n<h3>\n\t\t\t\t\t\t\tinfo@naratmirak.cz<br \/>\n\t\t\t\t\t<\/h3>\n<p>\t\t\t\t<svg aria-hidden=\"true\" viewBox=\"0 0 384 512\" xmlns=\"http:\/\/www.w3.org\/2000\/svg\"><path d=\"M172.268 501.67C26.97 291.031 0 269.413 0 192 0 85.961 85.961 0 192 0s192 85.961 192 192c0 77.413-26.97 99.031-172.268 309.67-9.535 13.774-29.93 13.773-39.464 0zM192 272c44.183 0 80-35.817 80-80s-35.817-80-80-80-80 35.817-80 80 35.817 80 80 80z\"><\/path><\/svg>\t\t\t\t<\/p>\n<h3>\n\t\t\t\t\t\t\tMal\u00fd Ratm\u00edrov \u010d.p. 34, 377 01<br \/>\n\t\t\t\t\t<\/h3>\n<p>\t\t\t<iframe loading=\"lazy\"\n\t\t\t\t\tsrc=\"https:\/\/maps.google.com\/maps?q=Na%20Ratm%C3%ADr%C3%A1k%20-%20rekrea%C4%8Dn%C3%AD%20ubytov%C3%A1n%C3%AD%20v%20chatk%C3%A1ch%20Mal%C3%BD%20Ratm%C3%ADrov%2034%2C%20377%2001%20Bla%C5%BEejov-Jind%C5%99ich%C5%AFv%20Hradec%201&#038;t=m&#038;z=11&#038;output=embed&#038;iwloc=near\"\n\t\t\t\t\ttitle=\"Na Ratm\u00edr\u00e1k - rekrea\u010dn\u00ed ubytov\u00e1n\u00ed v chatk\u00e1ch Mal\u00fd Ratm\u00edrov 34, 377 01 Bla\u017eejov-Jind\u0159ich\u016fv Hradec 1\"\n\t\t\t\t\taria-label=\"Na Ratm\u00edr\u00e1k - rekrea\u010dn\u00ed ubytov\u00e1n\u00ed v chatk\u00e1ch Mal\u00fd Ratm\u00edrov 34, 377 01 Bla\u017eejov-Jind\u0159ich\u016fv Hradec 1\"\n\t\t\t><\/iframe><\/p>\n<h2><a href=\"https:\/\/naratmirak.cz\">NaRatmirak.cz \u00a9 2020<\/a><\/h2>\n","protected":false},"excerpt":{"rendered":"<p>NaRatmirak.cz Cen\u00edk CHATA MAL\u00c1 Pobyt za t\u00fdden 8900,- K\u010d V cen\u011b za pobyt je povle\u010den\u00ed, p\u0159ikr\u00fdvka, pol\u0161t\u00e1\u0159 pro max. 4 osoby. Do ceny nen\u00ed zapo\u010d\u00edt\u00e1n poplatek vyb\u00edran\u00fd na z\u00e1klad\u011b vyhl\u00e1\u0161ky obce Bla\u017eejov. K dispozici je celkem 7 chat. V\u00edkendov\u00fd pobyt \u010dt-ne 4.990 V cen\u011b za pobyt je povle\u010den\u00ed, p\u0159ikr\u00fdvka, pol\u0161t\u00e1\u0159 a\u017e pro 4 osoby. Do&hellip; <a class=\"more-link\" href=\"https:\/\/naratmirak.cz\/?page_id=55\">Pokra\u010dovat ve\u00a0\u010dten\u00ed <span class=\"screen-reader-text\">cenik<\/span><\/a><\/p>\n","protected":false},"author":1,"featured_media":0,"parent":0,"menu_order":0,"comment_status":"closed","ping_status":"open","template":"elementor_canvas","meta":{"footnotes":""},"class_list":["post-55","page","type-page","status-publish","hentry","entry"],"_links":{"self":[{"href":"https:\/\/naratmirak.cz\/index.php?rest_route=\/wp\/v2\/pages\/55","targetHints":{"allow":["GET"]}}],"collection":[{"href":"https:\/\/naratmirak.cz\/index.php?rest_route=\/wp\/v2\/pages"}],"about":[{"href":"https:\/\/naratmirak.cz\/index.php?rest_route=\/wp\/v2\/types\/page"}],"author":[{"embeddable":true,"href":"https:\/\/naratmirak.cz\/index.php?rest_route=\/wp\/v2\/users\/1"}],"replies":[{"embeddable":true,"href":"https:\/\/naratmirak.cz\/index.php?rest_route=%2Fwp%2Fv2%2Fcomments&post=55"}],"version-history":[{"count":186,"href":"https:\/\/naratmirak.cz\/index.php?rest_route=\/wp\/v2\/pages\/55\/revisions"}],"predecessor-version":[{"id":192607,"href":"https:\/\/naratmirak.cz\/index.php?rest_route=\/wp\/v2\/pages\/55\/revisions\/192607"}],"wp:attachment":[{"href":"https:\/\/naratmirak.cz\/index.php?rest_route=%2Fwp%2Fv2%2Fmedia&parent=55"}],"curies":[{"name":"wp","href":"https:\/\/api.w.org\/{rel}","templated":true}]}}